e the remainder when 23988926 is divided by 1888.
1886
Calculate the remainder when 102602975 is divided by 183.
182
What is the remainder when 7989908 is divided by 22?
14
What is the remainder when 3952737 is divided by 106?
103
Calculate the remainder when 1624313 is divided by 812141.
31
Calculate the remainder when 4537820 is divided by 45.
20
Calculate the remainder when 55879186 is divided by 512653.
9
Calculate the remainder when 504022497 is divided by 786.
783
What is the remainder when 501706 is divided by 501690?
16
What is the remainder when 7280831 is divided by 3415?
51
What is the remainder when 1657351645 is divided by 9?
7
What is the remainder when 2593952 is divided by 1509?
1490
What is the remainder when 71120 is divided by 814?
302
What is the remainder when 3271593 is divided by 547?
533
What is the remainder when 1048610 is divided by 33785?
1275
What is the remainder when 247349 is divided by 90?
29
Calculate the remainder when 8088623 is divided by 144.
143
What is the remainder when 20301653 is divided by 11235?
8
What is the remainder when 457261 is divided by 6440?
21
What is the remainder when 26022067 is divided by 34?
31
What is the remainder when 85434824 is divided by 42717411?
2
Calculate the remainder when 1484050 is divided by 23534.
1408
What is the remainder when 28194 is divided by 2249?
1206
Calculate the remainder when 465716 is divided by 33249.
230
Calculate the remainder when 3252743 is divided by 66.
65
What is the remainder when 4984839 is divided by 20857?
16
Calculate the remainder when 1079906 is divided by 710.
706
What is the remainder when 17687127 is divided by 96?
87
What is the remainder when 4777535 is divided by 15562?
1
Calculate the remainder when 36384 is divided by 6991.
1429
Calculate the remainder when 4957263 is divided by 849.
801
Calculate the remainder when 400957 is divided by 9545.
67
What is the remainder when 3375831 is divided by 160753?
18
What is the remainder when 89221 is divided by 29698?
127
Calculate the remainder when 63434 is divided by 685.
414
Calculate the remainder when 55163059 is divided by 223.
218
What is the remainder when 24951051 is divided by 8317014?
9
Calculate the remainder when 20127995 is divided by 12.
11
Calculate the remainder when 230610 is divided by 615.
600
Calculate the remainder when 920969 is divided by 920952.
17
Calculate the remainder when 13127592 is divided by 6563792.
8
What is the remainder when 29287855 is divided by 13?
12
What is the remainder when 67017 is divided by 709?
371
What is the remainder when 59507 is divided by 4102?
2079
Calculate the remainder when 128994 is divided by 128994.
0
What is the remainder when 286737 is divided by 71676?
33
Calculate the remainder when 53136547 is divided by 2195.
2182
Calculate the remainder when 45973685 is divided by 922.
921
What is the remainder when 18707007 is divided by 61134?
3
What is the remainder when 146976 is divided by 2490?
66
What is the remainder when 29845 is divided by 3658?
581
Calculate the remainder when 42410 is divided by 3646.
2304
Calculate the remainder when 100698 is divided by 69.
27
What is the remainder when 691143 is divided by 3156?
3135
Calculate the remainder when 113784 is divided by 37683.
735
What is the remainder when 59206090 is divided by 66?
64
What is the remainder when 102600 is divided by 1207?
5
What is the remainder when 7352136 is divided by 2537?
2447
Calculate the remainder when 27578 is divided by 7870.
3968
Calculate the remainder when 75013024 is divided by 273.
268
What is the remainder when 69962281 is divided by 341?
334
What is the remainder when 10903 is divided by 4439?
2025
What is the remainder when 82637202 is divided by 162?
30
Calculate the remainder when 1783081 is divided by 278.
267
Calculate the remainder when 16923570 is divided by 49.
48
Calculate the remainder when 4971506 is divided by 483.
470
What is the remainder when 1913920 is divided by 2181?
1183
Calculate the remainder when 1593386 is divided by 796621.
144
Calculate the remainder when 34153101 is divided by 11384361.
18
What is the remainder when 5471716 is divided by 139?
120
What is the remainder when 415351 is divided by 412224?
3127
What is the remainder when 117393 is divided by 38430?
2103
Calculate the remainder when 567537 is divided by 6.
3
What is the remainder when 80614 is divided by 79157?
1457
Calculate the remainder when 4493954 is divided by 99861.
209
What is the remainder when 5244685 is divided by 351?
43
What is the remainder when 549915 is divided by 5670?
5595
Calculate the remainder when 51870596 is divided by 569.
556
What is the remainder when 5282395 is divided by 839?
51
Calculate the remainder when 363868 is divided by 30295.
328
What is the remainder when 7817396 is divided by 1520?
36
Calculate the remainder when 93396 is divided by 3201.
567
What is the remainder when 170627 is divided by 1642?
1501
What is the remainder when 1919417 is divided by 34263?
689
Calculate the remainder when 425984 is divided by 6264.
32
What is the remainder when 47383 is divided by 46711?
672
Calculate the remainder when 451338 is divided by 83.
67
Calculate the remainder when 873456 is divided by 1096.
1040
What is the remainder when 8067 is divided by 2564?
375
Calculate the remainder when 2355071 is divided by 1177530.
11
What is the remainder when 13232184 is divided by 322736?
8
Calculate the remainder when 568531 is divided by 79.
47
What is the remainder when 3881143 is divided by 64?
55
What is the remainder when 146988 is divided by 84?
72
Calculate the remainder when 20253735 is divided by 81998.
229
Calculate the remainder when 140901 is divided by 1905.
1836
What is the remainder when 109489113 is divided by 95?
93
What is the remainder when 110962 is divided by 4824?
10
Calculate the remainder when 125875 is divided by 939.
49
Calculate the remainder when 23370560 is divided by 132037.
11
What is the remainder when 77681871 is divided by 2077?
2071
Calculate the remainder when 711787 is divided by 11863.
7
What is the remainder when 14921604 is divided by 4973845?
69
Calculate the remainder when 3234207 is divided by 1123.
1090
What is the remainder when 2950664 is divided by 1475278?
108
Calculate the remainder when 14678912 is divided by 42.
38
Calculate the remainder when 1207706 is divided by 2842.
2698
Calculate the remainder when 1317047 is divided by 1316895.
152
Calculate the remainder when 1203384 is divided by 3142.
3140
Calculate the remainder when 38112 is divided by 1537.
1224
What is the remainder when 4878 is divided by 574?
286
Calculate the remainder when 35537032 is divided by 11845551.
379
What is the remainder when 188772 is divided by 96?
36
Calculate the remainder when 56517 is divided by 3325.
3317
Calculate the remainder when 99018199 is divided by 68.
67
Calculate the remainder when 56937160 is divided by 15.
10
Calculate the remainder when 50673524 is divided by 2778.
26
What is the remainder when 10796877 is divided by 74?
55
What is the remainder when 8202124 is divided by 82?
74
What is the remainder when 22157555 is divided by 236?
223
Calculate the remainder when 64127423 is divided by 25.
23
What is the remainder when 60808087 is divided by 7336?
7319
What is the remainder when 2461544 is divided by 6108?
20
What is the remainder when 35091226 is divided by 23?
11
What is the remainder when 572449942 is divided by 759?
757
What is the remainder when 144858 is divided by 2132?
2014
Calculate the remainder when 52276 is divided by 10442.
66
Calculate the remainder when 7196763 is divided by 6783.
0
What is the remainder when 3264654 is divided by 16?
14
Calculate the remainder when 152787 is divided by 100.
87
What is the remainder when 5267282 is divided by 309840?
2
Calculate the remainder when 5268 is divided by 494.
328
Calculate the remainder when 674378 is divided by 42.
26
What is the remainder when 412091 is divided by 249?
245
What is the remainder when 1133477 is divided by 40481?
9
Calculate the remainder when 3138921 is divided by 1826.
27
What is the remainder when 1161202028 is divided by 121?
118
Calculate the remainder when 37318077 is divided by 24.
21
Calculate the remainder wh